{"id":162,"date":"2024-01-12T15:20:46","date_gmt":"2024-01-12T15:20:46","guid":{"rendered":"https:\/\/semtactic.jezik.hr\/?page_id=162"},"modified":"2025-12-02T17:02:20","modified_gmt":"2025-12-02T17:02:20","slug":"istrazivacki-tim","status":"publish","type":"page","link":"https:\/\/semtactic.jezik.hr\/en\/istrazivacki-tim\/","title":{"rendered":"Research team"},"content":{"rendered":"<p><\/p>\n\n\n\n<p class=\" translation-block\"><a href=\"http:\/\/ihjj.hr\/istrazivac\/ivana-brac\/6\/\" target=\"_self\">Ivana Bra\u010d<\/a>, Institute for the Croatian Language, head of the project<\/p>\n\n\n\n<p class=\" translation-block\">Mia Batini\u0107 Angster, Department of Linguistics, University of Zadar<\/p>\n\n\n\n<p class=\" translation-block\"><a href=\"https:\/\/ihjj.hr\/istrazivac\/matea-birtic\/58\/\" target=\"_self\">Matea Birti\u0107<\/a>, Institute for the Croatian Language<\/p>\n\n\n\n<p class=\" translation-block\"><a href=\"https:\/\/www.ffos.unios.hr\/nastavnik\/branimir-belaj\/\" target=\"_self\">Branimir Belaj<\/a>, Faculty of Humanities and Social Sciences, University of Osijek<\/p>\n\n\n\n<p>- <a href=\"https:\/\/www.info.hazu.hr\/clanovi\/filipovic-petrovic-ivana\/\">Ivana Filipovi\u0107 Petrovi\u0107<\/a>, Croatian Academy of Sciences and Arts<\/p>\n\n\n\n<p><a href=\"http:\/\/ihjj.hr\/istrazivac\/ivona-gasparic\/100\/\">Ivona Ga\u0161pari\u0107<\/a>, Institute for the Croatian Language<\/p>\n\n\n\n<p class=\" translation-block\"><a href=\"http:\/\/ihjj.hr\/istrazivac\/daria-lazic\/87\/\" target=\"_self\">Daria Lazi\u0107<\/a>, Institute for the Croatian Language<\/p>\n\n\n\n<p>- <a href=\"http:\/\/ihjj.hr\/istrazivac\/maja-matijevic\/90\/\">Maja Matijevi\u0107<\/a>, Institute for the Croatian Language<\/p>\n\n\n\n<p>- <a href=\"https:\/\/rusistika.ffzg.unizg.hr\/?page_id=3851\">Lidija Milkovi\u0107<\/a>, Faculty of Humanities and Social Sciences, University of Zagreb<\/p>\n\n\n\n<p>Iva Nazalevi\u0107 \u010cu\u010devi\u0107, Faculty of Humanities and Social Sciences, University of Zagreb<\/p>\n\n\n\n<p class=\" translation-block\"><a href=\"http:\/\/ihjj.hr\/istrazivac\/ana-ostroski-anic\/17\/\" target=\"_self\">Ana Ostro\u0161ki Ani\u0107<\/a>, Institute for the Croatian Language<\/p>\n\n\n\n<p class=\" translation-block\"><a href=\"http:\/\/ihjj.hr\/istrazivac\/kristina-strkalj-despot\/19\/\" target=\"_self\">Kristina \u0160trkalj Despot<\/a>, Institute for the Croatian Language<\/p>\n\n\n\n<p class=\" translation-block\"><a href=\"http:\/\/ihjj.hr\/istrazivac\/sinisa-runjaic\/5\/\" target=\"_self\">Sini\u0161a Runjai\u0107<\/a>, Institute for the Croatian Language<\/p>","protected":false},"excerpt":{"rendered":"<p>dr. sc. Ivana Bra\u010d, Institut za hrvatski jezik, voditeljica projekta dr. sc. Mia Batini\u0107 Angster, Odjel za lingvistiku Sveu\u010dili\u0161ta u Zadru dr. sc. Matea Birti\u0107, Institut za hrvatski jezik prof. dr. sc. Branimir Belaj, Filozofski fakultet Sveu\u010dili\u0161ta Josip Juraj Strossmayer u Osijeku dr. sc. Ivana Filipovi\u0107 Petrovi\u0107, Hrvatska akademija znanosti [&hellip;]<\/p>","protected":false},"author":2,"featured_media":0,"parent":0,"menu_order":0,"comment_status":"closed","ping_status":"closed","template":"","meta":{"footnotes":""},"class_list":["post-162","page","type-page","status-publish","hentry"],"yoast_head":"<!-- This site is optimized with the Yoast SEO plugin v22.1 - https:\/\/yoast.com\/wordpress\/plugins\/seo\/ -->\n<title>Istra\u017eiva\u010dki tim - Semtactic<\/title>\n<meta name=\"robots\" content=\"index, follow, max-snippet:-1, max-image-preview:large, max-video-preview:-1\" \/>\n<link rel=\"canonical\" href=\"https:\/\/semtactic.jezik.hr\/en\/istrazivacki-tim\/\" \/>\n<meta property=\"og:locale\" content=\"en_GB\" \/>\n<meta property=\"og:type\" content=\"article\" \/>\n<meta property=\"og:title\" content=\"Istra\u017eiva\u010dki tim - Semtactic\" \/>\n<meta property=\"og:description\" content=\"dr. sc. Ivana Bra\u010d, Institut za hrvatski jezik, voditeljica projekta dr. sc. Mia Batini\u0107 Angster, Odjel za lingvistiku Sveu\u010dili\u0161ta u Zadru dr. sc. Matea Birti\u0107, Institut za hrvatski jezik prof. dr. sc. Branimir Belaj, Filozofski fakultet Sveu\u010dili\u0161ta Josip Juraj Strossmayer u Osijeku dr. sc. Ivana Filipovi\u0107 Petrovi\u0107, Hrvatska akademija znanosti [&hellip;]\" \/>\n<meta property=\"og:url\" content=\"https:\/\/semtactic.jezik.hr\/en\/istrazivacki-tim\/\" \/>\n<meta property=\"og:site_name\" content=\"Semtactic\" \/>\n<meta property=\"article:modified_time\" content=\"2025-12-02T17:02:20+00:00\" \/>\n<meta name=\"twitter:card\" content=\"summary_large_image\" \/>\n<meta name=\"twitter:label1\" content=\"Estimated reading time\" \/>\n\t<meta name=\"twitter:data1\" content=\"1 minute\" \/>\n<script type=\"application\/ld+json\" class=\"yoast-schema-graph\">{\"@context\":\"https:\/\/schema.org\",\"@graph\":[{\"@type\":\"WebPage\",\"@id\":\"https:\/\/semtactic.jezik.hr\/istrazivacki-tim\/\",\"url\":\"https:\/\/semtactic.jezik.hr\/istrazivacki-tim\/\",\"name\":\"Istra\u017eiva\u010dki tim - Semtactic\",\"isPartOf\":{\"@id\":\"https:\/\/semtactic.jezik.hr\/#website\"},\"datePublished\":\"2024-01-12T15:20:46+00:00\",\"dateModified\":\"2025-12-02T17:02:20+00:00\",\"breadcrumb\":{\"@id\":\"https:\/\/semtactic.jezik.hr\/istrazivacki-tim\/#breadcrumb\"},\"inLanguage\":\"en-GB\",\"potentialAction\":[{\"@type\":\"ReadAction\",\"target\":[\"https:\/\/semtactic.jezik.hr\/istrazivacki-tim\/\"]}]},{\"@type\":\"BreadcrumbList\",\"@id\":\"https:\/\/semtactic.jezik.hr\/istrazivacki-tim\/#breadcrumb\",\"itemListElement\":[{\"@type\":\"ListItem\",\"position\":1,\"name\":\"Po\u010detna stranica\",\"item\":\"https:\/\/semtactic.jezik.hr\/\"},{\"@type\":\"ListItem\",\"position\":2,\"name\":\"Istra\u017eiva\u010dki tim\"}]},{\"@type\":\"WebSite\",\"@id\":\"https:\/\/semtactic.jezik.hr\/#website\",\"url\":\"https:\/\/semtactic.jezik.hr\/\",\"name\":\"Semtactic\",\"description\":\"Semanti\u010dko-sintakti\u010dka klasifikacija glagola u hrvatskom jeziku\",\"publisher\":{\"@id\":\"https:\/\/semtactic.jezik.hr\/#organization\"},\"potentialAction\":[{\"@type\":\"SearchAction\",\"target\":{\"@type\":\"EntryPoint\",\"urlTemplate\":\"https:\/\/semtactic.jezik.hr\/?s={search_term_string}\"},\"query-input\":\"required name=search_term_string\"}],\"inLanguage\":\"en-GB\"},{\"@type\":\"Organization\",\"@id\":\"https:\/\/semtactic.jezik.hr\/#organization\",\"name\":\"Semtactic\",\"url\":\"https:\/\/semtactic.jezik.hr\/\",\"logo\":{\"@type\":\"ImageObject\",\"inLanguage\":\"en-GB\",\"@id\":\"https:\/\/semtactic.jezik.hr\/#\/schema\/logo\/image\/\",\"url\":\"https:\/\/semtactic.jezik.hr\/wp-content\/uploads\/2024\/01\/cropped-Untitled-1-lkkl.png\",\"contentUrl\":\"https:\/\/semtactic.jezik.hr\/wp-content\/uploads\/2024\/01\/cropped-Untitled-1-lkkl.png\",\"width\":1342,\"height\":681,\"caption\":\"Semtactic\"},\"image\":{\"@id\":\"https:\/\/semtactic.jezik.hr\/#\/schema\/logo\/image\/\"}}]}<\/script>\n<!-- \/ Yoast SEO plugin. -->","yoast_head_json":{"title":"Istra\u017eiva\u010dki tim - Semtactic","robots":{"index":"index","follow":"follow","max-snippet":"max-snippet:-1","max-image-preview":"max-image-preview:large","max-video-preview":"max-video-preview:-1"},"canonical":"https:\/\/semtactic.jezik.hr\/en\/istrazivacki-tim\/","og_locale":"en_GB","og_type":"article","og_title":"Istra\u017eiva\u010dki tim - Semtactic","og_description":"dr. sc. Ivana Bra\u010d, Institut za hrvatski jezik, voditeljica projekta dr. sc. Mia Batini\u0107 Angster, Odjel za lingvistiku Sveu\u010dili\u0161ta u Zadru dr. sc. Matea Birti\u0107, Institut za hrvatski jezik prof. dr. sc. Branimir Belaj, Filozofski fakultet Sveu\u010dili\u0161ta Josip Juraj Strossmayer u Osijeku dr. sc. Ivana Filipovi\u0107 Petrovi\u0107, Hrvatska akademija znanosti [&hellip;]","og_url":"https:\/\/semtactic.jezik.hr\/en\/istrazivacki-tim\/","og_site_name":"Semtactic","article_modified_time":"2025-12-02T17:02:20+00:00","twitter_card":"summary_large_image","twitter_misc":{"Estimated reading time":"1 minute"},"schema":{"@context":"https:\/\/schema.org","@graph":[{"@type":"WebPage","@id":"https:\/\/semtactic.jezik.hr\/istrazivacki-tim\/","url":"https:\/\/semtactic.jezik.hr\/istrazivacki-tim\/","name":"Istra\u017eiva\u010dki tim - Semtactic","isPartOf":{"@id":"https:\/\/semtactic.jezik.hr\/#website"},"datePublished":"2024-01-12T15:20:46+00:00","dateModified":"2025-12-02T17:02:20+00:00","breadcrumb":{"@id":"https:\/\/semtactic.jezik.hr\/istrazivacki-tim\/#breadcrumb"},"inLanguage":"en-GB","potentialAction":[{"@type":"ReadAction","target":["https:\/\/semtactic.jezik.hr\/istrazivacki-tim\/"]}]},{"@type":"BreadcrumbList","@id":"https:\/\/semtactic.jezik.hr\/istrazivacki-tim\/#breadcrumb","itemListElement":[{"@type":"ListItem","position":1,"name":"Po\u010detna stranica","item":"https:\/\/semtactic.jezik.hr\/"},{"@type":"ListItem","position":2,"name":"Istra\u017eiva\u010dki tim"}]},{"@type":"WebSite","@id":"https:\/\/semtactic.jezik.hr\/#website","url":"https:\/\/semtactic.jezik.hr\/","name":"Semtactic","description":"Semanti\u010dko-sintakti\u010dka klasifikacija glagola u hrvatskom jeziku","publisher":{"@id":"https:\/\/semtactic.jezik.hr\/#organization"},"potentialAction":[{"@type":"SearchAction","target":{"@type":"EntryPoint","urlTemplate":"https:\/\/semtactic.jezik.hr\/?s={search_term_string}"},"query-input":"required name=search_term_string"}],"inLanguage":"en-GB"},{"@type":"Organization","@id":"https:\/\/semtactic.jezik.hr\/#organization","name":"Semtactic","url":"https:\/\/semtactic.jezik.hr\/","logo":{"@type":"ImageObject","inLanguage":"en-GB","@id":"https:\/\/semtactic.jezik.hr\/#\/schema\/logo\/image\/","url":"https:\/\/semtactic.jezik.hr\/wp-content\/uploads\/2024\/01\/cropped-Untitled-1-lkkl.png","contentUrl":"https:\/\/semtactic.jezik.hr\/wp-content\/uploads\/2024\/01\/cropped-Untitled-1-lkkl.png","width":1342,"height":681,"caption":"Semtactic"},"image":{"@id":"https:\/\/semtactic.jezik.hr\/#\/schema\/logo\/image\/"}}]}},"_links":{"self":[{"href":"https:\/\/semtactic.jezik.hr\/en\/wp-json\/wp\/v2\/pages\/162","targetHints":{"allow":["GET"]}}],"collection":[{"href":"https:\/\/semtactic.jezik.hr\/en\/wp-json\/wp\/v2\/pages"}],"about":[{"href":"https:\/\/semtactic.jezik.hr\/en\/wp-json\/wp\/v2\/types\/page"}],"author":[{"embeddable":true,"href":"https:\/\/semtactic.jezik.hr\/en\/wp-json\/wp\/v2\/users\/2"}],"replies":[{"embeddable":true,"href":"https:\/\/semtactic.jezik.hr\/en\/wp-json\/wp\/v2\/comments?post=162"}],"version-history":[{"count":6,"href":"https:\/\/semtactic.jezik.hr\/en\/wp-json\/wp\/v2\/pages\/162\/revisions"}],"predecessor-version":[{"id":520,"href":"https:\/\/semtactic.jezik.hr\/en\/wp-json\/wp\/v2\/pages\/162\/revisions\/520"}],"wp:attachment":[{"href":"https:\/\/semtactic.jezik.hr\/en\/wp-json\/wp\/v2\/media?parent=162"}],"curies":[{"name":"wp","href":"https:\/\/api.w.org\/{rel}","templated":true}]}}

<p></p>



<p class=" translation-block"><a href="http://ihjj.hr/istrazivac/ivana-brac/6/" target="_self">Ivana Brač</a>, Institute for the Croatian Language, head of the project</p>



<p class=" translation-block">Mia Batinić Angster, Department of Linguistics, University of Zadar</p>



<p class=" translation-block"><a href="https://ihjj.hr/istrazivac/matea-birtic/58/" target="_self">Matea Birtić</a>, Institute for the Croatian Language</p>



<p class=" translation-block"><a href="https://www.ffos.unios.hr/nastavnik/branimir-belaj/" target="_self">Branimir Belaj</a>, Faculty of Humanities and Social Sciences, University of Osijek</p>



<p>- <a href="https://www.info.hazu.hr/clanovi/filipovic-petrovic-ivana/">Ivana Filipović Petrović</a>, Croatian Academy of Sciences and Arts</p>



<p><a href="http://ihjj.hr/istrazivac/ivona-gasparic/100/">Ivona Gašparić</a>, Institute for the Croatian Language</p>



<p class=" translation-block"><a href="http://ihjj.hr/istrazivac/daria-lazic/87/" target="_self">Daria Lazić</a>, Institute for the Croatian Language</p>



<p>- <a href="http://ihjj.hr/istrazivac/maja-matijevic/90/">Maja Matijević</a>, Institute for the Croatian Language</p>



<p>- <a href="https://rusistika.ffzg.unizg.hr/?page_id=3851">Lidija Milković</a>, Faculty of Humanities and Social Sciences, University of Zagreb</p>



<p>Iva Nazalević Čučević, Faculty of Humanities and Social Sciences, University of Zagreb</p>



<p class=" translation-block"><a href="http://ihjj.hr/istrazivac/ana-ostroski-anic/17/" target="_self">Ana Ostroški Anić</a>, Institute for the Croatian Language</p>



<p class=" translation-block"><a href="http://ihjj.hr/istrazivac/kristina-strkalj-despot/19/" target="_self">Kristina Štrkalj Despot</a>, Institute for the Croatian Language</p>



<p class=" translation-block"><a href="http://ihjj.hr/istrazivac/sinisa-runjaic/5/" target="_self">Siniša Runjaić</a>, Institute for the Croatian Language</p>

<p>dr. sc. Ivana Brač, Institut za hrvatski jezik, voditeljica projekta dr. sc. Mia Batinić Angster, Odjel za lingvistiku Sveučilišta u Zadru dr. sc. Matea Birtić, Institut za hrvatski jezik prof. dr. sc. Branimir Belaj, Filozofski fakultet Sveučilišta Josip Juraj Strossmayer u Osijeku dr. sc. Ivana Filipović Petrović, Hrvatska akademija znanosti [&hellip;]</p>

<!-- This site is optimized with the Yoast SEO plugin v22.1 - https://yoast.com/wordpress/plugins/seo/ -->
<title>Istraživački tim - Semtactic</title>
<meta name="robots" content="index, follow, max-snippet:-1, max-image-preview:large, max-video-preview:-1" />
<link rel="canonical" href="https://semtactic.jezik.hr/en/istrazivacki-tim/" />
<meta property="og:locale" content="en_GB" />
<meta property="og:type" content="article" />
<meta property="og:title" content="Istraživački tim - Semtactic" />
<meta property="og:description" content="dr. sc. Ivana Brač, Institut za hrvatski jezik, voditeljica projekta dr. sc. Mia Batinić Angster, Odjel za lingvistiku Sveučilišta u Zadru dr. sc. Matea Birtić, Institut za hrvatski jezik prof. dr. sc. Branimir Belaj, Filozofski fakultet Sveučilišta Josip Juraj Strossmayer u Osijeku dr. sc. Ivana Filipović Petrović, Hrvatska akademija znanosti [&hellip;]" />
<meta property="og:url" content="https://semtactic.jezik.hr/en/istrazivacki-tim/" />
<meta property="og:site_name" content="Semtactic" />
<meta property="article:modified_time" content="2025-12-02T17:02:20+00:00" />
<meta name="twitter:card" content="summary_large_image" />
<meta name="twitter:label1" content="Estimated reading time" />
	<meta name="twitter:data1" content="1 minute" />
<script type="application/ld+json" class="yoast-schema-graph">{"@context":"https://schema.org","@graph":[{"@type":"WebPage","@id":"https://semtactic.jezik.hr/istrazivacki-tim/","url":"https://semtactic.jezik.hr/istrazivacki-tim/","name":"Istraživački tim - Semtactic","isPartOf":{"@id":"https://semtactic.jezik.hr/#website"},"datePublished":"2024-01-12T15:20:46+00:00","dateModified":"2025-12-02T17:02:20+00:00","breadcrumb":{"@id":"https://semtactic.jezik.hr/istrazivacki-tim/#breadcrumb"},"inLanguage":"en-GB","potentialAction":[{"@type":"ReadAction","target":["https://semtactic.jezik.hr/istrazivacki-tim/"]}]},{"@type":"BreadcrumbList","@id":"https://semtactic.jezik.hr/istrazivacki-tim/#breadcrumb","itemListElement":[{"@type":"ListItem","position":1,"name":"Početna stranica","item":"https://semtactic.jezik.hr/"},{"@type":"ListItem","position":2,"name":"Istraživački tim"}]},{"@type":"WebSite","@id":"https://semtactic.jezik.hr/#website","url":"https://semtactic.jezik.hr/","name":"Semtactic","description":"Semantičko-sintaktička klasifikacija glagola u hrvatskom jeziku","publisher":{"@id":"https://semtactic.jezik.hr/#organization"},"potentialAction":[{"@type":"SearchAction","target":{"@type":"EntryPoint","urlTemplate":"https://semtactic.jezik.hr/?s={search_term_string}"},"query-input":"required name=search_term_string"}],"inLanguage":"en-GB"},{"@type":"Organization","@id":"https://semtactic.jezik.hr/#organization","name":"Semtactic","url":"https://semtactic.jezik.hr/","logo":{"@type":"ImageObject","inLanguage":"en-GB","@id":"https://semtactic.jezik.hr/#/schema/logo/image/","url":"https://semtactic.jezik.hr/wp-content/uploads/2024/01/cropped-Untitled-1-lkkl.png","contentUrl":"https://semtactic.jezik.hr/wp-content/uploads/2024/01/cropped-Untitled-1-lkkl.png","width":1342,"height":681,"caption":"Semtactic"},"image":{"@id":"https://semtactic.jezik.hr/#/schema/logo/image/"}}]}</script>
<!-- / Yoast SEO plugin. -->

Istraživački tim - Semtactic

dr. sc. Ivana Brač, Institut za hrvatski jezik, voditeljica projekta dr. sc. Mia Batinić Angster, Odjel za lingvistiku Sveučilišta u Zadru dr. sc. Matea Birtić, Institut za hrvatski jezik prof. dr. sc. Branimir Belaj, Filozofski fakultet Sveučilišta Josip Juraj Strossmayer u Osijeku dr. sc. Ivana Filipović Petrović, Hrvatska akademija znanosti [&hellip;]

Početna stranica

Istraživački tim

Semantičko-sintaktička klasifikacija glagola u hrvatskom jeziku
